{"id":45,"date":"2026-04-21T09:42:00","date_gmt":"2026-04-21T09:42:00","guid":{"rendered":"https:\/\/wildhorsecare.dk\/?post_type=product&#038;p=45"},"modified":"2026-04-21T09:53:24","modified_gmt":"2026-04-21T09:53:24","slug":"shapleys-natural-fly-spray-946ml","status":"publish","type":"product","link":"https:\/\/wildhorsecare.dk\/index.php\/vare\/shapleys-natural-fly-spray-946ml\/","title":{"rendered":"Shapley&#8217;s Natural Fly Spray 946ml."},"content":{"rendered":"<p>Skydda din h\u00e4st p\u00e5 ett naturligt s\u00e4tt med Shapleys Natural Fly Spray!<\/p>\n<p>En kraftfull, kemikaliefri l\u00f6sning f\u00f6r att avvisa flugor, knott och myggor.<\/p>\n<p>Denna milda men effektiva flugspray \u00e4r formulerad med eteriska oljor som citrongr\u00e4s och citronella och erbjuder l\u00e5ngvarigt skydd utan starka ingredienser.<\/p>\n<p>Perfekt f\u00f6r k\u00e4nsliga h\u00e4star och daglig anv\u00e4ndning.<\/p>\n<p>L\u00e4mnar en behaglig doft och irriterar inte huden.<\/p>\n<p>&nbsp;<\/p>\n<p>Anv\u00e4nd den i hagen, stallet, sl\u00e4pet osv.\u00a0f\u00f6r att h\u00e5lla din h\u00e4st bekv\u00e4m och fokuserad. Shapleys Natural Fly Spray erbjuder ett milj\u00f6v\u00e4nligt alternativ med verkliga resultat\u00a0\u2013 s\u00e4kert och naturligt.<\/p>\n<p>&nbsp;<\/p>\n<p>S\u00e4ker, effektiv och naturligt framst\u00e4lld!<\/p>\n<p>&nbsp;<\/p>\n<p>&#8211;\u00a0Kemikaliefritt flugskydd<\/p>\n<p>&#8211; Formula baserad p\u00e5 eterisk olja<\/p>\n<p>&#8211; S\u00e4ker f\u00f6r daglig anv\u00e4ndning<\/p>\n<p>&#8211; Behaglig, naturlig doft<\/p>\n<p>&#8211; Skonsam mot k\u00e4nslig hud<\/p>\n<p>&nbsp;<\/p>\n<p>946ml.<\/p>\n","protected":false},"excerpt":{"rendered":"<p>Skydda din h\u00e4st p\u00e5 ett naturligt s\u00e4tt med Shapleys Natural Fly Spray!<\/p>\n<p>En kraftfull, kemikaliefri l\u00f6sning f\u00f6r att avvisa flugor, knott och myggor.<\/p>\n","protected":false},"featured_media":46,"comment_status":"open","ping_status":"closed","template":"","meta":[],"product_brand":[],"product_cat":[17,16],"product_tag":[18],"class_list":{"0":"post-45","1":"product","2":"type-product","3":"status-publish","4":"has-post-thumbnail","6":"product_cat-sprey","7":"product_cat-ukategoriseret","8":"product_tag-alle","10":"first","11":"instock","12":"shipping-taxable","13":"purchasable","14":"product-type-simple"},"jetpack_sharing_enabled":true,"_links":{"self":[{"href":"https:\/\/wildhorsecare.dk\/index.php\/wp-json\/wp\/v2\/product\/45","targetHints":{"allow":["GET"]}}],"collection":[{"href":"https:\/\/wildhorsecare.dk\/index.php\/wp-json\/wp\/v2\/product"}],"about":[{"href":"https:\/\/wildhorsecare.dk\/index.php\/wp-json\/wp\/v2\/types\/product"}],"replies":[{"embeddable":true,"href":"https:\/\/wildhorsecare.dk\/index.php\/wp-json\/wp\/v2\/comments?post=45"}],"wp:featuredmedia":[{"embeddable":true,"href":"https:\/\/wildhorsecare.dk\/index.php\/wp-json\/wp\/v2\/media\/46"}],"wp:attachment":[{"href":"https:\/\/wildhorsecare.dk\/index.php\/wp-json\/wp\/v2\/media?parent=45"}],"wp:term":[{"taxonomy":"product_brand","embeddable":true,"href":"https:\/\/wildhorsecare.dk\/index.php\/wp-json\/wp\/v2\/product_brand?post=45"},{"taxonomy":"product_cat","embeddable":true,"href":"https:\/\/wildhorsecare.dk\/index.php\/wp-json\/wp\/v2\/product_cat?post=45"},{"taxonomy":"product_tag","embeddable":true,"href":"https:\/\/wildhorsecare.dk\/index.php\/wp-json\/wp\/v2\/product_tag?post=45"}],"curies":[{"name":"wp","href":"https:\/\/api.w.org\/{rel}","templated":true}]}}